 What are the prime factors of p?
11, 31
Suppose -a = 3*a - 100. Let f = 24 + a. Suppose 4*c - 2*q - 17 - 57 = 0, 4*c + 3*q = f. What are the prime factors of c?
2
Suppose o = -3*v + 1807, -2396 = -4*v - 6*o + 8*o. List the prime factors of v.
601
List the prime factors of 12/(-2) + (2 - -232).
2, 3, 19
What are the prime factors of (2 + 19)*(-8)/(-6)?
2, 7
Let l(o) = -o**3 - 17*o**2 + 14*o - 23. Let a be l(-18). Let c = a - -1. List the prime factors of c.
2, 5
Suppose 0 = 6*b + 5*b - 7359. List the prime factors of b.
3, 223
Let k be 4/10*(-1 + 21). Suppose -9 = -k*o + 5*o. What are the prime factors of (-544)/(-40) + o/(-5)?
13
Let o(i) = -6*i - 3. Let d be o(-3). Let n = d - 12. Suppose 0*g + n*g = 9. List the prime factors of g.
3
What are the prime factors of -6 - (-326 - (-8 + 3))?
3, 5, 7
Let j = 813 + -69. What are the prime factors of j?
2, 3, 31
Let u(b) = b**3 + 7*b**2 - 2*b - 10. Let a(h) = 3*h - 1. Let x be a(3). Suppose -x - 27 = 5*k. List the prime factors of u(k).
2
Let l = -45 - -51. Let u = l - 0. List the prime factors of u.
2, 3
Suppose 0 = 2*z + 2*k + 76, 2*k = 2*z + k + 76. Let d = 158 + z. List the prime factors of d.
2, 3, 5
What are the prime factors of (-2)/8 - (-11711)/28?
2, 11, 19
Suppose -d = d - 8. Suppose d*f - 7 = 1. Suppose -o = w - 24, -29 + 2 = -o - f*w. What are the prime factors of o?
3, 7
Let n(q) = 7*q**3 - 14*q**2 + 13*q + 20. Let o(s) = -20*s**3 + 42*s**2 - 39*s - 60. Let h(l) = 17*n(l) + 6*o(l). What are the prime factors of h(11)?
2, 5
Suppose -51 = -2*r - 0*r - 3*y, 4*y - 4 = 0. Let h = 144 + -134. Suppose i - 18 = -5*p, -i + h = -3*p + r. List the prime factors of p.
2
Let t(b) = 5*b**3 - 15*b**2 + 12*b + 49. Let j(c) = 4*c**3 - 15*c**2 + 13*c + 49. Let x(z) = 6*j(z) - 5*t(z). What are the prime factors of x(-16)?
17
Let r(g) = -308*g + 555. What are the prime factors of r(-10)?
5, 727
Let p = -32 - -36. Let u(y) = 5*y**3 - 2*y**2 - 2*y + 2. Let w(t) = 9*t**3 - 5*t**2 - 5*t + 5. Let m(j) = -5*u(j) + 3*w(j). List the prime factors of m(p).
3, 11
Let m = -244 + 267. List the prime factors of m.
23
Suppose -4*z - 5*g = -12, 5*z - 4*g + 0*g = 15. Suppose 4*h - z*h + x - 40 = 0, -3*h + 3*x = -102. What are the prime factors of h?
37
Let z(n) = 29*n**2 - 11*n - 31. List the prime factors of z(-4).
3, 53
Let q(d) = 13 + 4 + 4*d - 20. Let u be q(2). Suppose 0 = -u*n + 9*n - 40. What are the prime factors of n?
2, 5
What are the prime factors of ((-108471)/44)/(6/(-8))?
19, 173
Let m(y) = 9*y - 6. Let o(j) = j - 1. Let g(k) = m(k) - 4*o(k). Let p be g(1). Suppose -p*q + 37 = 1. List the prime factors of q.
2, 3
Suppose -4035 = -5*r + 5*p, 0 = -p + 5. What are the prime factors of r?
2, 7, 29
List the prime factors of (5 + (-2)/2)*(-151724)/(-166).
2, 457
Let v = -663 - -843. What are the prime factors of v?
2, 3, 5
Suppose -n = -2*a - 401 + 1831, 0 = -2*a + 2*n + 1432. What are the prime factors of a?
2, 3, 7, 17
Let r(m) = m - 5. Let p be r(11). Suppose p*a = -0*a + 42. Suppose 12*h = a*h + 35. What are the prime factors of h?
7
Suppose 3570 = 5*t - r, 3*t + 5*r = 6*r + 2144. List the prime factors of t.
23, 31
Suppose 3*q + 2 - 3 = t, q = t + 1. Suppose -2*p + k = 2*p - 589, q = -3*p + 2*k + 438. List the prime factors of p.
2, 37
Let g(l) = -179*l + 14. Let n be g(3). List the prime factors of (n/(-2) + -4)*(-8)/(-10).
2, 103
Let z(i) = -i**2 + 11*i + 3. Let j(c) = c**2 - 10*c - 2. Let t(x) = 6*j(x) + 5*z(x). Let b be t(4). List the prime factors of -1*(-25 + b - -3).
23
Suppose 2*x - 45 = -5*f + 3*x, 4*f + 4*x = 60. Let v(d) = -16*d + 7. Let u(l) = 46*l - 20. Let z(q) = 6*u(q) + 17*v(q). List the prime factors of z(f).
3, 13
Let o(z) = 45*z**3 - 4*z**2 + 3. List the prime factors of o(4).
2819
Let l(y) = -2*y**2 + 12*y + 2. Let c be l(5). Suppose 24 + c = 3*a - 4*k, 3*k = -5*a + 89. What are the prime factors of a?
2
Suppose -s = -2*s - 22. Let c = 40 + s. Let n = c + -4. List the prime factors of n.
2, 7
Suppose 17*w + 12549 = 90630. List the prime factors of w.
3, 1531
Suppose -53 - 55 = -6*c. List the prime factors of c.
2, 3
Let j be (10/(-4))/((-15)/12). Suppose j*z + 8 = 0, -2*n - z - 7 = -3. Suppose n*a + 28 = a. List the prime factors of a.
2, 7
Suppose 0 = -57*p + 67*p - 4450. List the prime factors of p.
5, 89
Let p be 2/10 + (-140)/(-50). Suppose b - 20 = -p*b. Suppose 32 = b*a - 28. What are the prime factors of a?
2, 3
Let q be 3/(-1)*10/(-6). Let c(f) = 16*f + 13. What are the prime factors of c(q)?
3, 31
Let i(m) = -10*m + 4. List the prime factors of i(-6).
2
Let h = -831 - -1342. What are the prime factors of h?
7, 73
What are the prime factors of ((-8)/6)/((14/(-738))/7)?
2, 3, 41
Suppose -6*j + 9 = -3*j. Suppose -234 = -3*i - 5*n, 4*n - 156 = j*i - 5*i. What are the prime factors of i?
2, 3, 13
Let d(w) = -5*w**2 + w + 2. Let s be d(-2). Let z = 1397 - 685. List the prime factors of 2/5 - z/s.
2, 3
Let x = -1 - -5. Suppose -x*j - 12 = 2*o, 0 = -j - 3*j - 16. What are the prime factors of o?
2
Suppose 5*x - 160 + 95 = 0. Suppose -2*j + 63 = x. What are the prime factors of j?
5
Let l = 56 + -53. Suppose 2*v - l*v = o - 170, -4*o - v = -695. What are the prime factors of o?
5, 7
Suppose 4*l - 5*m - 20 = 0, -3 = -5*l - m - 7. Suppose l*w - 16 = -4*w. Suppose b - w*b + 75 = 0. List the prime factors of b.
5
What are the prime factors of ((-16)/(-6))/((102/72)/17)?
2
Suppose -182 = p - 2*k, -2*k + 3*k + 532 = -3*p. Let y = 369 + p. What are the prime factors of y?
191
Let x be 3 + 4 + -3 + 95. Let y = x - 44. List the prime factors of y.
5, 11
Let c = 73 - 43. Let h = c - 7. What are the prime factors of h?
23
Let p = 11 + -21. Let w be 5/(p/4) - 0. Let k(f) = -2*f**3 + f**2 - 3*f - 4. List the prime factors of k(w).
2, 11
Suppose -5*p + 1373 = -3*o, 4*p - 4*o - 1284 = -184. List the prime factors of p.
2, 137
Let k(u) = 8*u**2 + u + 2. Let a = -8 + 10. Let o be k(a). Suppose -v = 5*z + v - 37, -5*z = v - o. List the prime factors of z.
7
Let m(k) = -k**3 - 6*k**2 + 9*k + 6. Let h = 33 + -39. Let s be m(h). List the prime factors of (-131)/(-6) + (-8)/s.
2, 11
Let i = 46 + -46. Suppose i = -4*n + 2*t + 1182, -7*n = -2*n + 2*t - 1491. List the prime factors of n.
3, 11
Let r(y) = -2*y + 39. Let u be r(14). Suppose 0 = -u*c + 16*c - 1160. What are the prime factors of c?
2, 29
Let n be 0/(-12) + 1 + 4. List the prime factors of ((-2)/(-3))/(n/30) - -51.
5, 11
Let y = -3468 + 6074. What are the prime factors of y?
2, 1303
Suppose -x = 3*x - 8. Suppose 5*n + 4*r = -5, -3*n + r - 1 = -15. Suppose -205 = -n*c - x*c. What are the prime factors of c?
41
Let i = 42 + -6. Suppose -8*o - i = -4*o. List the prime factors of (o*5 - -4)/(-1).
41
Let q(j) = -j**3 - 7*j**2 - 4*j + 7. Let i be q(-6). Let h = -3 - i. Suppose 42 = -4*r + 6*r + h*w, -5*r + 4*w + 141 = 0. List the prime factors of r.
5
Suppose -2*m + 15*m - 1638 = 0. What are the prime factors of m?
2, 3, 7
Let c = -888 - -1050. What are the prime factors of c?
2, 3
Let w = -20 - -40. Suppose -11*u + 9*u = w. What are the prime factors of 27 - (u/2 + 3)?
29
Let f(g) = 39*g**2 + 32*g + 20. What are the prime factors of f(5)?
3, 5, 7, 11
Let b(m) = 21*m - 18. Let k(q) = 14*q - 12. Let x(v) = -5*b(v) + 7*k(v). What are the prime factors of x(-6)?
2, 3
Let p(b) be the third derivative of b**5/30 + 7*b**4/24 - 5*b**3/6 + 10*b**2. Let x be 0 + 1 - 3 - 4. What are the prime factors of p(x)?
5
Let f = 197 + 31. What are the prime factors of f?
2, 3, 19
Suppose 0 = 3*t - 2130 + 90. Suppose s + 4*s - 5*g = t, -145 = -s + 4*g. List the prime factors of s.
7, 19
Let k(r) = 17*r + 13. Let f be k(2). List the prime factors of (f - 2) + (3 - (3 - -1)).
2, 11
Let s(h) = -264*h + 91. What are the prime factors of s(-3)?
883
Suppose -5*k + 39 = x, 0 = x - 5*k - 13 - 26. Let u = 67 - x. Suppose -2*p + 5 = t - u, -87 = -3*t - 2*p. What are the prime factors of t?
3
Suppose 10 + 21 = -j. Let m = 65 + j. What are the prime factors of 4/(-8 - -4) + m?
3, 11
Suppose 4*a - p - 510 - 19068 = 0, 24479 = 5*a + 2*p. List the prime factors of a.
5, 11, 89
What are the prime factors of (63 + -201)/(4/(-26))?
3, 13, 23
Suppose 4*l + 22 = 3*a + 5*l, 2*a - 28 = -4*l. Let n = a + -2. Suppose -5*h + n*c - 3*c = -53, -5*c = -2*h + 12. What are the prime factors of h?
11
Let